{"id":9189,"date":"2025-10-07T11:31:47","date_gmt":"2025-10-07T09:31:47","guid":{"rendered":"https:\/\/www.sbim-stlouis.org\/?page_id=9189"},"modified":"2026-04-20T15:45:19","modified_gmt":"2026-04-20T13:45:19","slug":"notre-equipe","status":"publish","type":"page","link":"https:\/\/www.sbim-stlouis.org\/index.php\/notre-equipe\/","title":{"rendered":"Notre \u00e9quipe"},"content":{"rendered":"\t\t<div data-elementor-type=\"wp-page\" data-elementor-id=\"9189\" class=\"elementor elementor-9189\">\n\t\t\t\t<div class=\"elementor-element elementor-element-cbe1881 e-grid e-con-boxed e-con e-parent\" data-id=\"cbe1881\" data-element_type=\"container\" data-e-type=\"container\">\n\t\t\t\t\t<div class=\"e-con-inner\">\n\t\t\t\t<div class=\"elementor-element elementor-element-1b1262e elementor-widget elementor-widget-image\" data-id=\"1b1262e\" data-element_type=\"widget\" data-e-type=\"widget\" data-widget_type=\"image.default\">\n\t\t\t\t<div class=\"elementor-widget-container\">\n\t\t\t\t\t\t\t\t\t\t\t\t<figure class=\"wp-caption\">\n\t\t\t\t\t\t\t\t\t\t<img fetchpriority=\"high\" decoding=\"async\" width=\"1024\" height=\"683\" src=\"https:\/\/www.sbim-stlouis.org\/wp-content\/uploads\/2025\/10\/groupe2-1024x683.jpg\" class=\"attachment-large size-large wp-image-9176\" alt=\"\" srcset=\"https:\/\/www.sbim-stlouis.org\/wp-content\/uploads\/2025\/10\/groupe2-1024x683.jpg 1024w, https:\/\/www.sbim-stlouis.org\/wp-content\/uploads\/2025\/10\/groupe2-300x200.jpg 300w, https:\/\/www.sbim-stlouis.org\/wp-content\/uploads\/2025\/10\/groupe2-768x512.jpg 768w, https:\/\/www.sbim-stlouis.org\/wp-content\/uploads\/2025\/10\/groupe2-1536x1024.jpg 1536w, https:\/\/www.sbim-stlouis.org\/wp-content\/uploads\/2025\/10\/groupe2-2048x1365.jpg 2048w\" sizes=\"(max-width: 1024px) 100vw, 1024px\" \/>\t\t\t\t\t\t\t\t\t\t\t<figcaption class=\"widget-image-caption wp-caption-text\">SERVICE DE BIOSTATISTIQUE  (SBIM)<\/figcaption>\n\t\t\t\t\t\t\t\t\t\t<\/figure>\n\t\t\t\t\t\t\t\t\t<\/div>\n\t\t\t\t<\/div>\n\t\t\t\t<div class=\"elementor-element elementor-element-b8e230b elementor-widget elementor-widget-image\" data-id=\"b8e230b\" data-element_type=\"widget\" data-e-type=\"widget\" data-widget_type=\"image.default\">\n\t\t\t\t<div class=\"elementor-widget-container\">\n\t\t\t\t\t\t\t\t\t\t\t\t<figure class=\"wp-caption\">\n\t\t\t\t\t\t\t\t\t\t<img decoding=\"async\" width=\"1024\" height=\"683\" src=\"https:\/\/www.sbim-stlouis.org\/wp-content\/uploads\/2025\/10\/groupe-1024x683.jpg\" class=\"attachment-large size-large wp-image-9197\" alt=\"\" srcset=\"https:\/\/www.sbim-stlouis.org\/wp-content\/uploads\/2025\/10\/groupe-1024x683.jpg 1024w, https:\/\/www.sbim-stlouis.org\/wp-content\/uploads\/2025\/10\/groupe-300x200.jpg 300w, https:\/\/www.sbim-stlouis.org\/wp-content\/uploads\/2025\/10\/groupe-768x512.jpg 768w, https:\/\/www.sbim-stlouis.org\/wp-content\/uploads\/2025\/10\/groupe-1536x1024.jpg 1536w, https:\/\/www.sbim-stlouis.org\/wp-content\/uploads\/2025\/10\/groupe-2048x1365.jpg 2048w\" sizes=\"(max-width: 1024px) 100vw, 1024px\" \/>\t\t\t\t\t\t\t\t\t\t\t<figcaption class=\"widget-image-caption wp-caption-text\">UNITE DE RECHERCHE CLINIQUE (URC)<\/figcaption>\n\t\t\t\t\t\t\t\t\t\t<\/figure>\n\t\t\t\t\t\t\t\t\t<\/div>\n\t\t\t\t<\/div>\n\t\t\t\t\t<\/div>\n\t\t\t\t<\/div>\n\t\t<div class=\"elementor-element elementor-element-3e8e626 e-flex e-con-boxed e-con e-parent\" data-id=\"3e8e626\" data-element_type=\"container\" data-e-type=\"container\">\n\t\t\t\t\t<div class=\"e-con-inner\">\n\t\t<div class=\"elementor-element elementor-element-ac217e2 e-con-full e-flex e-con e-child\" data-id=\"ac217e2\" data-element_type=\"container\" data-e-type=\"container\">\n\t\t<div class=\"elementor-element elementor-element-edd0d68 e-con-full e-flex e-con e-child\" data-id=\"edd0d68\" data-element_type=\"container\" data-e-type=\"container\">\n\t\t\t\t<div class=\"elementor-element elementor-element-212c123 elementor-widget elementor-widget-text-editor\" data-id=\"212c123\" data-element_type=\"widget\" data-e-type=\"widget\" data-widget_type=\"text-editor.default\">\n\t\t\t\t<div class=\"elementor-widget-container\">\n\t\t\t\t\t\t\t\t\t<p style=\"text-align: right;\"><em>PHOTO : B\u00c9N\u00c9DICTE DELAMAIN<\/em><\/p>\t\t\t\t\t\t\t\t<\/div>\n\t\t\t\t<\/div>\n\t\t\t\t<\/div>\n\t\t\t\t<\/div>\n\t\t\t\t\t<\/div>\n\t\t\t\t<\/div>\n\t\t<div class=\"elementor-element elementor-element-938b74f e-flex e-con-boxed e-con e-parent\" data-id=\"938b74f\" data-element_type=\"container\" data-e-type=\"container\">\n\t\t\t\t\t<div class=\"e-con-inner\">\n\t\t<div class=\"elementor-element elementor-element-7ada7c8 e-con-full e-flex e-con e-child\" data-id=\"7ada7c8\" data-element_type=\"container\" data-e-type=\"container\">\n\t\t\t\t<div class=\"elementor-element elementor-element-58f32ec elementor-widget elementor-widget-text-editor\" data-id=\"58f32ec\" data-element_type=\"widget\" data-e-type=\"widget\" data-widget_type=\"text-editor.default\">\n\t\t\t\t<div class=\"elementor-widget-container\">\n\t\t\t\t\t\t\t\t\t<p style=\"text-align: center;\"><strong><span style=\"color: #000080;\">Notre service rassemble des professionnels aux parcours et aux m\u00e9tiers vari\u00e9s<\/span><\/strong><\/p>\t\t\t\t\t\t\t\t<\/div>\n\t\t\t\t<\/div>\n\t\t\t\t<\/div>\n\t\t\t\t\t<\/div>\n\t\t\t\t<\/div>\n\t\t<div class=\"elementor-element elementor-element-400fcaf e-flex e-con-boxed e-con e-parent\" data-id=\"400fcaf\" data-element_type=\"container\" data-e-type=\"container\">\n\t\t\t\t\t<div class=\"e-con-inner\">\n\t\t\t\t<div class=\"elementor-element elementor-element-4ccfcec elementor-widget elementor-widget-text-editor\" data-id=\"4ccfcec\" data-element_type=\"widget\" data-e-type=\"widget\" data-widget_type=\"text-editor.default\">\n\t\t\t\t<div class=\"elementor-widget-container\">\n\t\t\t\t\t\t\t\t\t<p>\u00a0<\/p>\n<div class=\"wp-block-cover__image-background wp-image-3714\" style=\"padding-bottom: 1em; margin-top: -105px;\">\n<div class=\"flip-box-position\">\n<div class=\"flip-box-inner-position\">\n<div class=\"flip-box-front-position\">\n<h2 class=\"Titre-position\" style=\"color: white; font-weight: 500; letter-spacing: 2px; margin: 0em;\">O\u00f9 suis-je?<\/h2>\n<\/div>\n<div class=\"flip-box-back-position\">\u00a0<\/div>\n<\/div>\n<\/div>\n\n<p class=\"has-text-align-left\" style=\"font-size: 16px;\">\u00a0<\/p>\n\n<div id=\"ancre\">\n<div id=\"roue\">\n<div id=\"qualite\" class=\"cercle\">\n<p class=\"texte\"><a href=\"https:\/\/www.sbim-stlouis.org\/liste-metier.php?metier=11\">Data Ing\u00e9nieur <\/a><\/p>\n<\/div>\n<div id=\"roue\">\n<div id=\"adminres\" class=\"cercle\">\n<p class=\"texte\"><a href=\"https:\/\/www.sbim-stlouis.org\/liste-metier.php?metier=6\">Administrateur r\u00e9seau<\/a><\/p>\n<\/div>\n<div id=\"refqual\" class=\"cercle\">\n<p class=\"texte\"><a href=\"https:\/\/www.sbim-stlouis.org\/liste-metier.php?metier=17\">R\u00e9f\u00e9rent Assurance Qualit\u00e9<\/a><\/p>\n<\/div>\n<div id=\"ref hum\" class=\"cercle\">\n<p class=\"texte\"><a href=\"https:\/\/www.sbim-stlouis.org\/liste-metier.php?metier=20\">R\u00e9f\u00e9rent Ressources Humaines<\/a><\/p>\n<\/div>\n<div id=\"recherche\" class=\"cercle\">\n<p class=\"texte\"><a href=\"https:\/\/www.sbim-stlouis.org\/liste-metier.php?metier=11\">Assistant(e) de recherche clinique<\/a><\/p>\n<\/div>\n<div id=\"projet\" class=\"cercle\">\n<p class=\"texte\"><a href=\"https:\/\/www.sbim-stlouis.org\/liste-metier.php?metier=8\">Chef(fe) de projet<\/a><\/p>\n<\/div>\n<div id=\"emerite\" class=\"cercle\">\n<p class=\"texte\"><a href=\"https:\/\/www.sbim-stlouis.org\/liste-metier.php?metier=18\">Chercheur(euse) \u00e9merite<\/a><\/p>\n<\/div>\n<div id=\"coord\" class=\"cercle\">\n<p class=\"texte\"><a href=\"https:\/\/www.sbim-stlouis.org\/liste-metier.php?metier=10\">Coordinateur(trice) des essais cliniques <br \/><\/a><\/p>\n<\/div>\n<div id=\"manager\" class=\"cercle\">\n<p class=\"texte\"><a href=\"https:\/\/www.sbim-stlouis.org\/liste-metier.php?metier=3\">Data Manager<br \/><\/a><\/p>\n<\/div>\n<div id=\"scientist\" class=\"cercle\">\n<p class=\"texte\"><a href=\"https:\/\/www.sbim-stlouis.org\/liste-metier.php?metier=4\">Data scientist<\/a><\/p>\n<\/div>\n<div id=\"docto\" class=\"cercle\">\n<p class=\"texte\"><a href=\"https:\/\/www.sbim-stlouis.org\/liste-metier.php?metier=15\">Doctorant(e)<\/a><\/p>\n<\/div>\n<div id=\"admin\" class=\"cercle\">\n<p class=\"texte\"><a href=\"https:\/\/www.sbim-stlouis.org\/liste-metier.php?metier=9\">Gestionnaire administratif<\/a><\/p>\n<\/div>\n<div id=\"intermed\" class=\"cercle\">\n<p class=\"texte\"><a href=\"https:\/\/www.sbim-stlouis.org\/liste-metier.php?metier=16\">Interne en m\u00e9decine<\/a><\/p>\n<\/div>\n<div id=\"methodo\" class=\"cercle\">\n<p class=\"texte\"><a href=\"https:\/\/www.sbim-stlouis.org\/liste-metier.php?metier=1\">M\u00e9thodologiste<\/a><\/p>\n<\/div>\n<div id=\"saisie\" class=\"cercle\">\n<p class=\"texte\"><a href=\"https:\/\/www.sbim-stlouis.org\/liste-metier.php?metier=5\">Op\u00e9rateur(trice) de saisie <\/a><\/p>\n<\/div>\n<div id=\"stage\" class=\"cercle\">\n<p class=\"texte\"><a href=\"https:\/\/www.sbim-stlouis.org\/liste-metier.php?metier=19\">Stagiaire<\/a><\/p>\n<\/div>\n<div id=\"stats\" class=\"cercle\">\n<p class=\"texte\"><a href=\"https:\/\/www.sbim-stlouis.org\/liste-metier.php?metier=2\">Biotatisticien(ne)<\/a><\/p>\n<\/div>\n<div id=\"PUPH\" class=\"cercle\">\n<p class=\"texte\"><a href=\"https:\/\/www.sbim-stlouis.org\/liste-metier.php?metier=22\">PU-PH<\/a><\/p>\n<\/div>\n<div id=\"techcli\" class=\"cercle\">\n<p class=\"texte\"><a href=\"https:\/\/www.sbim-stlouis.org\/liste-metier.php?metier=12\">Technicien(ne) d&#8217;essais cliniques<\/a><\/p>\n<\/div>\n<div id=\"centre\">\n<p id=\"texteCentre\">URC <br \/>SBIM<\/p>\n<\/div>\n<\/div>\n<p>\u00a0<\/p>\n<p><style>\n                                                                                                            #ancre {\n                                                                                                            width: 750px;\n                                                                                                          height: 750px;\n                                                                                                          background-color: white;\n                                                                                                          position: relative;\n                                                                                                          margin: auto; \/* center horizontally *\/\n                                                                                                            }\n.cercle {\n  width: 150px;\n  height: 150px;\n  border-radius: 75px;\n  position: absolute;\n  background: rgba(16, 204, 229, 0.2);\n  display: flex;\n  justify-content: center;\n  align-items: center;\n  text-align: center;\n}\n#centre {\nposition: absolute;\nleft: 250px;\ntop: 250px;\nwidth: 250px;\nheight: 250px;\nborder-radius: 125px;\nbackground-color: rgba(95, 158, 160, 0.2);\ndisplay: flex;\njustify-content: center;\nalign-items: center;\ntext-align: center;\n}\n.texte {\n  color: #133657;\n    font-size: 13px;\n  text-align: center;\n  font-family: system-ui;\n}\n#texteCentre {\ncolor: #133657;\n  font-size: 20px;\ntext-align: center;\nfont-family: system-ui;\n}\n<style>\n  #ancre {\n  width: 750px;\nheight: 750px;\nbackground-color: white;\nposition: relative;\nmargin: auto; \/* centrer horizontalement *\/\n  }\n.cercle {\n  width: 150px;\n  height: 150px;\n  border-radius: 50%;\n  position: absolute;\n  background: rgba(16, 204, 229, 0.2);\n  display: flex;\n  justify-content: center;\n  align-items: center;\n  text-align: center;\n  font-size: 13px;\n  color: #133657;\n    font-family: system-ui;\n  padding: 10px;\n  box-sizing: border-box;\n}\n#centre {\nposition: absolute;\nleft: 250px;\ntop: 250px;\nwidth: 250px;\nheight: 250px;\nborder-radius: 50%;\nbackground-color: rgba(95, 158, 160, 0.2);\ndisplay: flex;\njustify-content: center;\nalign-items: center;\ntext-align: center;\nfont-size: 20px;\ncolor: #133657;\n  font-family: system-ui;\n}\n<\/style><\/p>\n<p><script>\n                                    const circles = document.querySelectorAll('.cercle');\n                                    const centerX = 375; \/\/ center X position\n                                    const centerY = 375; \/\/ center Y position\n                                    const radius = 310; \/\/ radius of the circle where items will be placed\n                                    const totalCircles = circles.length;\n                    \n                                    \n                                    circles.forEach((circle, index) => {\n                                      const angle = (index \/ totalCircles) * (2 * Math.PI); \/\/ calculate angle for each circle\n                                      const x = centerX + radius * Math.cos(angle) - 75; \/\/ calculate x position\n                                      const y = centerY + radius * Math.sin(angle) - 75; \/\/ calculate y position\n                                      circle.style.left = `${x}px`;\n                                      circle.style.top = `${y}px`;\n                                    });\n                                    <\/script><\/p>\n<p>\u00a0<\/p>\n<p>\u00a0<\/p>\n<\/div>\n<\/div>\n<\/div>\t\t\t\t\t\t\t\t<\/div>\n\t\t\t\t<\/div>\n\t\t\t\t\t<\/div>\n\t\t\t\t<\/div>\n\t\t\t\t<\/div>\n\t\t","protected":false},"excerpt":{"rendered":"<p>SERVICE DE BIOSTATISTIQUE (SBIM) UNITE DE RECHERCHE CLINIQUE (URC) PHOTO : B\u00c9N\u00c9DICTE DELAMAIN Notre service rassemble des professionnels aux parcours et aux m\u00e9tiers vari\u00e9s \u00a0 O\u00f9 suis-je? \u00a0 \u00a0 Data [&hellip;]<\/p>\n","protected":false},"author":2,"featured_media":0,"parent":0,"menu_order":0,"comment_status":"closed","ping_status":"closed","template":"","meta":{"_EventAllDay":false,"_EventTimezone":"","_EventStartDate":"","_EventEndDate":"","_EventStartDateUTC":"","_EventEndDateUTC":"","_EventShowMap":false,"_EventShowMapLink":false,"_EventURL":"","_EventCost":"","_EventCostDescription":"","_EventCurrencySymbol":"","_EventCurrencyCode":"","_EventCurrencyPosition":"","_EventDateTimeSeparator":"","_EventTimeRangeSeparator":"","_EventOrganizerID":[],"_EventVenueID":[],"_OrganizerEmail":"","_OrganizerPhone":"","_OrganizerWebsite":"","_VenueAddress":"","_VenueCity":"","_VenueCountry":"","_VenueProvince":"","_VenueState":"","_VenueZip":"","_VenuePhone":"","_VenueURL":"","_VenueStateProvince":"","_VenueLat":"","_VenueLng":"","_VenueShowMap":false,"_VenueShowMapLink":false,"ocean_post_layout":"","ocean_both_sidebars_style":"","ocean_both_sidebars_content_width":0,"ocean_both_sidebars_sidebars_width":0,"ocean_sidebar":"","ocean_second_sidebar":"","ocean_disable_margins":"enable","ocean_add_body_class":"","ocean_shortcode_before_top_bar":"","ocean_shortcode_after_top_bar":"","ocean_shortcode_before_header":"","ocean_shortcode_after_header":"","ocean_has_shortcode":"","ocean_shortcode_after_title":"","ocean_shortcode_before_footer_widgets":"","ocean_shortcode_after_footer_widgets":"","ocean_shortcode_before_footer_bottom":"","ocean_shortcode_after_footer_bottom":"","ocean_display_top_bar":"default","ocean_display_header":"default","ocean_header_style":"","ocean_center_header_left_menu":"","ocean_custom_header_template":"","ocean_custom_logo":0,"ocean_custom_retina_logo":0,"ocean_custom_logo_max_width":0,"ocean_custom_logo_tablet_max_width":0,"ocean_custom_logo_mobile_max_width":0,"ocean_custom_logo_max_height":0,"ocean_custom_logo_tablet_max_height":0,"ocean_custom_logo_mobile_max_height":0,"ocean_header_custom_menu":"","ocean_menu_typo_font_family":"","ocean_menu_typo_font_subset":"","ocean_menu_typo_font_size":0,"ocean_menu_typo_font_size_tablet":0,"ocean_menu_typo_font_size_mobile":0,"ocean_menu_typo_font_size_unit":"px","ocean_menu_typo_font_weight":"","ocean_menu_typo_font_weight_tablet":"","ocean_menu_typo_font_weight_mobile":"","ocean_menu_typo_transform":"","ocean_menu_typo_transform_tablet":"","ocean_menu_typo_transform_mobile":"","ocean_menu_typo_line_height":0,"ocean_menu_typo_line_height_tablet":0,"ocean_menu_typo_line_height_mobile":0,"ocean_menu_typo_line_height_unit":"","ocean_menu_typo_spacing":0,"ocean_menu_typo_spacing_tablet":0,"ocean_menu_typo_spacing_mobile":0,"ocean_menu_typo_spacing_unit":"","ocean_menu_link_color":"","ocean_menu_link_color_hover":"","ocean_menu_link_color_active":"","ocean_menu_link_background":"","ocean_menu_link_hover_background":"","ocean_menu_link_active_background":"","ocean_menu_social_links_bg":"","ocean_menu_social_hover_links_bg":"","ocean_menu_social_links_color":"","ocean_menu_social_hover_links_color":"","ocean_disable_title":"default","ocean_disable_heading":"default","ocean_post_title":"","ocean_post_subheading":"","ocean_post_title_style":"","ocean_post_title_background_color":"","ocean_post_title_background":0,"ocean_post_title_bg_image_position":"","ocean_post_title_bg_image_attachment":"","ocean_post_title_bg_image_repeat":"","ocean_post_title_bg_image_size":"","ocean_post_title_height":0,"ocean_post_title_bg_overlay":0.5,"ocean_post_title_bg_overlay_color":"","ocean_disable_breadcrumbs":"default","ocean_breadcrumbs_color":"","ocean_breadcrumbs_separator_color":"","ocean_breadcrumbs_links_color":"","ocean_breadcrumbs_links_hover_color":"","ocean_display_footer_widgets":"default","ocean_display_footer_bottom":"default","ocean_custom_footer_template":"","footnotes":""},"class_list":["post-9189","page","type-page","status-publish","hentry","entry"],"_links":{"self":[{"href":"https:\/\/www.sbim-stlouis.org\/index.php\/wp-json\/wp\/v2\/pages\/9189","targetHints":{"allow":["GET"]}}],"collection":[{"href":"https:\/\/www.sbim-stlouis.org\/index.php\/wp-json\/wp\/v2\/pages"}],"about":[{"href":"https:\/\/www.sbim-stlouis.org\/index.php\/wp-json\/wp\/v2\/types\/page"}],"author":[{"embeddable":true,"href":"https:\/\/www.sbim-stlouis.org\/index.php\/wp-json\/wp\/v2\/users\/2"}],"replies":[{"embeddable":true,"href":"https:\/\/www.sbim-stlouis.org\/index.php\/wp-json\/wp\/v2\/comments?post=9189"}],"version-history":[{"count":200,"href":"https:\/\/www.sbim-stlouis.org\/index.php\/wp-json\/wp\/v2\/pages\/9189\/revisions"}],"predecessor-version":[{"id":10404,"href":"https:\/\/www.sbim-stlouis.org\/index.php\/wp-json\/wp\/v2\/pages\/9189\/revisions\/10404"}],"wp:attachment":[{"href":"https:\/\/www.sbim-stlouis.org\/index.php\/wp-json\/wp\/v2\/media?parent=9189"}],"curies":[{"name":"wp","href":"https:\/\/api.w.org\/{rel}","templated":true}]}}