{"id":704,"date":"2021-08-23T09:09:18","date_gmt":"2021-08-23T07:09:18","guid":{"rendered":"https:\/\/www.sbim-stlouis.org\/?page_id=704"},"modified":"2023-05-05T14:25:23","modified_gmt":"2023-05-05T12:25:23","slug":"epidemiologie-clinique","status":"publish","type":"page","link":"https:\/\/www.sbim-stlouis.org\/index.php\/missions\/epidemiologie-clinique\/","title":{"rendered":"\u00c9pid\u00e9miologie \/ Recherche Clinique"},"content":{"rendered":"\n<style>\n\n\/*taille \u00e9cran : plus que 800px*\/\n       .Titre-position { \/*mise en forme du titre*\/\n            font-size : 1em; \n            padding : 0.7em ; \n        }\n        .flip-box-position { \/*param\u00e8tres g\u00e9n\u00e9raux de la bo\u00eete*\/\n            position : relative ; \n            z-index : 2 ; \n            right : -78% ; \n            width: 25%;\n            height : 3.5em ; \n            perspective: 1000px;  \n        }\n\n        .flip-box-inner-position { \/* int\u00e9rieur de la bo\u00eete*\/\n            position: absolute;\n            top : 0px ; \n            width: 100%;\n            height: 100%;\n            transition: transform 0.5s;\n            transform-style: preserve-3d;\n        }\n\n        .flip-box-position:hover .flip-box-inner-position { \/*int\u00e9rieur de la bo\u00eete + bo\u00eete au passage de la souris*\/\n            transform-origin : center ; \n            transform: rotateY(180deg);\n        }\n\n        .flip-box-front-position,\n        .flip-box-back-position { \/* bo\u00eete avant + arri\u00e8re *\/\n            position: absolute; \n            -webkit-backface-visibility: hidden;\n            backface-visibility: hidden;\n            padding: 0.2em;\n        }\n\n        .flip-box-front-position { \/* propre \u00e0 l'avant*\/\n            background-color: rgba(0,0,0,0.5);\n            width  : 100% ; \n            height : 100% ; \n            border: 0.05em solid #E1BC00;\n            border-radius : 0.2em ; \n            color: white;\n        }\n\n        .flip-box-back-position { \/* propre \u00e0 l'arri\u00e8re *\/\n            top : 0px ; left : 0px ; \n            background-color: rgba(0,0,0,0.7);\n            width: 100%;\n            height: 100%;\n            border-radius : 0.2em ; \n            border : 0.05em #E1BC00 solid;\n            color: #133657; \n            transform: rotateY(180deg);\n        }\n        ul.breadcrumb-position { \/*tout le fil d'ariane*\/\n            position : absolute ; \n            padding : 0.7em 0em 0.2em 0.5em ; \n            top : -0.1em ; left : 0em ; \n            width : 100%; \n            height : 100% ;  \n            list-style: none;\n            background-color: transparent;\n        }\n        ul.breadcrumb-position li { \/*chaque \u00e9tape du fil*\/\n            display: inline;\n            color : #E1BC00; \n            font-size: 0.9em;\n        }\n\n        ul.breadcrumb-position li+li:before { \/*s\u00e9parateur*\/\n            padding : 0.4em ; \n            color: #E1BC00;\n            content: \">\";\n        }\n\n        ul.breadcrumb-position li a { \/*liens*\/\n            color: #E1BC00;\n            text-decoration: none;\n        }\n\n        ul.breadcrumb-position li a:hover { \/*lien quand souris dessus *\/\n            color: #48A9A6;\n            text-decoration: underline;\n        }\n\n\/*taille \u00e9cran : jusqu'\u00e0 800px*\/\n@media screen and (max-width : 50em){\n       .Titre-position { \/*mise en forme du titre*\/\n            font-size : 0.9em; \n            padding : 0.6em ; \n        }\n        .flip-box-position {\n            left : 75% ; \n            width: 30%;\n            height : 3.5em ; \n        }\n        .flip-box-front-position,\n        .flip-box-back-position { \/* bo\u00eete avant + arri\u00e8re *\/\n            padding: 0.4em;\n        }\n        ul.breadcrumb-position li {\n            font-size : 0.8em ; \n        }\n}\n\n\/*taille \u00e9cran : jusqu'\u00e0 480px*\/\n@media screen and (max-width : 30em){\n       .Titre-position { \/*mise en forme du titre*\/\n            font-size : 0.7em; \n            padding : 0.4em ; \n        }\n        .flip-box-position {\n            left : 75% ; \n            width: 30%;\n            height : 3.5em ; \n        }\n        ul.breadcrumb-position { \/*tout le fil d'ariane*\/\n            padding : 0.4em 0.1em 0.1em 0.2em ;  \n        }\n        ul.breadcrumb-position li {\n            font-size : 0.6em ; \n        }\n        ul.breadcrumb-position li+li:before { \/*s\u00e9parateur*\/\n            padding : 0.1em ; \n        }\n}\n\n<\/style>\n\n  <div class=\"wp-block-cover__image-background wp-image-3714\" style=\"padding-bottom : 1em ; margin-top : -52px ; \"><div class=\"flip-box-position\">\n    <div class=\"flip-box-inner-position\">\n        <div class=\"flip-box-front-position\">\n            <h2 class=\"Titre-position\" style=\"color : white ; font-weight : 500; letter-spacing:2px ;margin : 0em; \">O\u00f9 suis-je?<\/h2>\n        <\/div>\n        <div class=\"flip-box-back-position\">\n            <ul class=\"breadcrumb-position\" style=\"margin: 0em;\">\n                <li><a href=\"https:\/\/www.sbim-stlouis.org\/\">Home<\/a><\/li>\n                <li><a href=\"https:\/\/www.sbim-stlouis.org\/index.php\/epidemiologie-clinique\/\">Epidemiologie clinique<\/a><\/li>\n            <\/ul>\n        <\/div>\n    <\/div>\n<\/div>\n  <\/div>\n\n\n\n<br>\n<a href=\"https:\/\/www.sbim-stlouis.org\/index.php\/missions\/\"> &lt;&lt; Retour <\/a><p><\/p>\n<p><\/p>\n\n\n\n\n\n<h4 class=\"wp-block-heading\" id=\"definition\"><strong>DEFINITION<\/strong><\/h4>\n\n\n\n<p>L\u2019\u00e9pid\u00e9miologie clinique est l\u2019\u00e9tude des maladies dans les populations de patients pour am\u00e9liorer la prise de d\u00e9cision m\u00e9dicale. Cette science est bas\u00e9e sur des m\u00e9thodes et des mod\u00e8les statistiques.<\/p>\n\n\n\n<h4 class=\"has-neve-link-hover-color-color has-text-color wp-block-heading\"><strong>M\u00e9thodes\/Mod\u00e8les d\u2019analyses<\/strong><\/h4>\n\n\n\n<ul class=\"wp-block-list\"><li>Mod\u00e8les univari\u00e9s et multivari\u00e9s<\/li><li>Incidence cumul\u00e9e&lt;<\/li><li>Mod\u00e9lisations<\/li><li>Analyse bay\u00e9sienne<\/li><li>Imputation des donn\u00e9es manquantes<\/li><\/ul>\n\n\n\n<p><\/p>\n\n\n\n<h4 class=\"has-neve-link-hover-color-color has-text-color wp-block-heading\"><strong>Sp\u00e9cialit\u00e9 de recherche <\/strong><\/h4>\n\n\n<p><\/p>\n\n\n<ul class=\"wp-block-list\"><li>H\u00e9matologie-Canc\u00e9rologie<\/li><li>R\u00e9animation<\/li><li>H\u00e9patologie<\/li><li>Pneumologie<\/li><li>Dermatologie<\/li><li>Urgences<\/li><\/ul>\n\n\n<p><\/p>\n\n\n<\/p>\n<p>\n\n\n<p><\/p>\n\n\n<\/p>\n<p>\n\n\n<p><\/p>","protected":false},"excerpt":{"rendered":"<p>O\u00f9 suis-je? Home Epidemiologie clinique &lt;&lt; Retour DEFINITION L\u2019\u00e9pid\u00e9miologie clinique est l\u2019\u00e9tude des maladies dans les populations de patients pour am\u00e9liorer la prise de d\u00e9cision m\u00e9dicale. Cette science est bas\u00e9e [&hellip;]<\/p>\n","protected":false},"author":1,"featured_media":0,"parent":4678,"menu_order":0,"comment_status":"closed","ping_status":"closed","template":"","meta":{"_EventAllDay":false,"_EventTimezone":"","_EventStartDate":"","_EventEndDate":"","_EventStartDateUTC":"","_EventEndDateUTC":"","_EventShowMap":false,"_EventShowMapLink":false,"_EventURL":"","_EventCost":"","_EventCostDescription":"","_EventCurrencySymbol":"","_EventCurrencyCode":"","_EventCurrencyPosition":"","_EventDateTimeSeparator":"","_EventTimeRangeSeparator":"","_EventOrganizerID":[],"_EventVenueID":[],"_OrganizerEmail":"","_OrganizerPhone":"","_OrganizerWebsite":"","_VenueAddress":"","_VenueCity":"","_VenueCountry":"","_VenueProvince":"","_VenueState":"","_VenueZip":"","_VenuePhone":"","_VenueURL":"","_VenueStateProvince":"","_VenueLat":"","_VenueLng":"","_VenueShowMap":false,"_VenueShowMapLink":false,"ocean_post_layout":"","ocean_both_sidebars_style":"","ocean_both_sidebars_content_width":0,"ocean_both_sidebars_sidebars_width":0,"ocean_sidebar":"0","ocean_second_sidebar":"0","ocean_disable_margins":"enable","ocean_add_body_class":"","ocean_shortcode_before_top_bar":"","ocean_shortcode_after_top_bar":"","ocean_shortcode_before_header":"","ocean_shortcode_after_header":"","ocean_has_shortcode":"","ocean_shortcode_after_title":"","ocean_shortcode_before_footer_widgets":"","ocean_shortcode_after_footer_widgets":"","ocean_shortcode_before_footer_bottom":"","ocean_shortcode_after_footer_bottom":"","ocean_display_top_bar":"default","ocean_display_header":"default","ocean_header_style":"","ocean_center_header_left_menu":"0","ocean_custom_header_template":"0","ocean_custom_logo":0,"ocean_custom_retina_logo":0,"ocean_custom_logo_max_width":0,"ocean_custom_logo_tablet_max_width":0,"ocean_custom_logo_mobile_max_width":0,"ocean_custom_logo_max_height":0,"ocean_custom_logo_tablet_max_height":0,"ocean_custom_logo_mobile_max_height":0,"ocean_header_custom_menu":"0","ocean_menu_typo_font_family":"0","ocean_menu_typo_font_subset":"","ocean_menu_typo_font_size":0,"ocean_menu_typo_font_size_tablet":0,"ocean_menu_typo_font_size_mobile":0,"ocean_menu_typo_font_size_unit":"px","ocean_menu_typo_font_weight":"","ocean_menu_typo_font_weight_tablet":"","ocean_menu_typo_font_weight_mobile":"","ocean_menu_typo_transform":"","ocean_menu_typo_transform_tablet":"","ocean_menu_typo_transform_mobile":"","ocean_menu_typo_line_height":0,"ocean_menu_typo_line_height_tablet":0,"ocean_menu_typo_line_height_mobile":0,"ocean_menu_typo_line_height_unit":"","ocean_menu_typo_spacing":0,"ocean_menu_typo_spacing_tablet":0,"ocean_menu_typo_spacing_mobile":0,"ocean_menu_typo_spacing_unit":"","ocean_menu_link_color":"","ocean_menu_link_color_hover":"","ocean_menu_link_color_active":"","ocean_menu_link_background":"","ocean_menu_link_hover_background":"","ocean_menu_link_active_background":"","ocean_menu_social_links_bg":"","ocean_menu_social_hover_links_bg":"","ocean_menu_social_links_color":"","ocean_menu_social_hover_links_color":"","ocean_disable_title":"default","ocean_disable_heading":"default","ocean_post_title":"","ocean_post_subheading":"","ocean_post_title_style":"","ocean_post_title_background_color":"","ocean_post_title_background":0,"ocean_post_title_bg_image_position":"","ocean_post_title_bg_image_attachment":"","ocean_post_title_bg_image_repeat":"","ocean_post_title_bg_image_size":"","ocean_post_title_height":0,"ocean_post_title_bg_overlay":0.5,"ocean_post_title_bg_overlay_color":"","ocean_disable_breadcrumbs":"default","ocean_breadcrumbs_color":"","ocean_breadcrumbs_separator_color":"","ocean_breadcrumbs_links_color":"","ocean_breadcrumbs_links_hover_color":"","ocean_display_footer_widgets":"default","ocean_display_footer_bottom":"default","ocean_custom_footer_template":"0","footnotes":""},"class_list":["post-704","page","type-page","status-publish","hentry","entry"],"_links":{"self":[{"href":"https:\/\/www.sbim-stlouis.org\/index.php\/wp-json\/wp\/v2\/pages\/704","targetHints":{"allow":["GET"]}}],"collection":[{"href":"https:\/\/www.sbim-stlouis.org\/index.php\/wp-json\/wp\/v2\/pages"}],"about":[{"href":"https:\/\/www.sbim-stlouis.org\/index.php\/wp-json\/wp\/v2\/types\/page"}],"author":[{"embeddable":true,"href":"https:\/\/www.sbim-stlouis.org\/index.php\/wp-json\/wp\/v2\/users\/1"}],"replies":[{"embeddable":true,"href":"https:\/\/www.sbim-stlouis.org\/index.php\/wp-json\/wp\/v2\/comments?post=704"}],"version-history":[{"count":166,"href":"https:\/\/www.sbim-stlouis.org\/index.php\/wp-json\/wp\/v2\/pages\/704\/revisions"}],"predecessor-version":[{"id":6075,"href":"https:\/\/www.sbim-stlouis.org\/index.php\/wp-json\/wp\/v2\/pages\/704\/revisions\/6075"}],"up":[{"embeddable":true,"href":"https:\/\/www.sbim-stlouis.org\/index.php\/wp-json\/wp\/v2\/pages\/4678"}],"wp:attachment":[{"href":"https:\/\/www.sbim-stlouis.org\/index.php\/wp-json\/wp\/v2\/media?parent=704"}],"curies":[{"name":"wp","href":"https:\/\/api.w.org\/{rel}","templated":true}]}}