{"id":1233,"date":"2021-09-14T09:28:03","date_gmt":"2021-09-14T09:28:03","guid":{"rendered":"https:\/\/www.sbim-stlouis.org\/?page_id=1233"},"modified":"2026-04-22T16:45:19","modified_gmt":"2026-04-22T14:45:19","slug":"theses","status":"publish","type":"page","link":"https:\/\/www.sbim-stlouis.org\/index.php\/theses\/","title":{"rendered":"Th\u00e8ses"},"content":{"rendered":"\t\t<div data-elementor-type=\"wp-page\" data-elementor-id=\"1233\" class=\"elementor elementor-1233\">\n\t\t\t\t<div class=\"elementor-element elementor-element-9d38abf e-flex e-con-boxed e-con e-parent\" data-id=\"9d38abf\" data-element_type=\"container\" data-e-type=\"container\">\n\t\t\t\t\t<div class=\"e-con-inner\">\n\t\t<div class=\"elementor-element elementor-element-60f08d4 e-con-full e-flex e-con e-child\" data-id=\"60f08d4\" data-element_type=\"container\" data-e-type=\"container\">\n\t\t\t\t<div class=\"elementor-element elementor-element-ce4122b elementor-widget elementor-widget-text-editor\" data-id=\"ce4122b\" data-element_type=\"widget\" data-e-type=\"widget\" data-widget_type=\"text-editor.default\">\n\t\t\t\t<div class=\"elementor-widget-container\">\n\t\t\t\t\t\t\t\t\t<p><strong><span style=\"color: #000080;\">De nombreuses th\u00e8ses ont \u00e9t\u00e9 soutenues au sein de notre laboratoire, d&#8217;autres sont en cours : retrouvez les ici\u00a0<\/span><\/strong><\/p>\t\t\t\t\t\t\t\t<\/div>\n\t\t\t\t<\/div>\n\t\t\t\t<\/div>\n\t\t\t\t\t<\/div>\n\t\t\t\t<\/div>\n\t\t<div class=\"elementor-element elementor-element-57feaf5 e-flex e-con-boxed e-con e-parent\" data-id=\"57feaf5\" data-element_type=\"container\" data-e-type=\"container\">\n\t\t\t\t\t<div class=\"e-con-inner\">\n\t\t<div class=\"elementor-element elementor-element-285ae51 e-con-full e-flex e-con e-child\" data-id=\"285ae51\" data-element_type=\"container\" data-e-type=\"container\">\n\t\t\t\t<div class=\"elementor-element elementor-element-615cd97 elementor-widget elementor-widget-text-editor\" data-id=\"615cd97\" data-element_type=\"widget\" data-e-type=\"widget\" data-widget_type=\"text-editor.default\">\n\t\t\t\t<div class=\"elementor-widget-container\">\n\t\t\t\t\t\t\t\t\t\n<table id=\"tablepress-21\" class=\"tablepress tablepress-id-21\">\n<thead>\n<tr class=\"row-1\">\n\t<th class=\"column-1\"><strong>Intitul\u00e9<\/strong><\/th><th class=\"column-2\"><strong>Auteur<\/strong><\/th><th class=\"column-3\"><strong>Direction<\/strong><\/th><th class=\"column-4\"><strong>R\u00e9sum\u00e9<\/strong><\/th><th class=\"column-5\"><strong>Date<\/strong><\/th><th class=\"column-6\"><strong>Sp\u00e9cialit\u00e9<\/strong><\/th>\n<\/tr>\n<\/thead>\n<tbody class=\"row-striping row-hover\">\n<tr class=\"row-2\">\n\t<td class=\"column-1\">Mod\u00e8le multi-\u00e9tats int\u00e9grant les donn\u00e9es mol\u00e9culaires pour adapter la strat\u00e9gie th\u00e9rapeutique dans la leuc\u00e9mie aigu\u00eb lymphoblastique T.<\/td><td class=\"column-2\">Loic VASSEUR<\/td><td class=\"column-3\">J\u00e9r\u00f4me LAMBERT<\/td><td class=\"column-4\"><a>R\u00e9sum\u00e9<\/a><\/td><td class=\"column-5\">En cours<\/td><td class=\"column-6\">Biostatistiques<\/td>\n<\/tr>\n<tr class=\"row-3\">\n\t<td class=\"column-1\">Approche bay\u00e9sienne de recherche de dose avec enrichissement pour les essais cliniques d\u2019optimisation de dose<\/td><td class=\"column-2\">Jan MEYRING<\/td><td class=\"column-3\">Lucie BIARD<\/td><td class=\"column-4\"><\/td><td class=\"column-5\">En cours<\/td><td class=\"column-6\">Biostatistiques<\/td>\n<\/tr>\n<tr class=\"row-4\">\n\t<td class=\"column-1\">From single-arm studies toward generalization of findings using external data<\/td><td class=\"column-2\">Matylde DIOUF<\/td><td class=\"column-3\">Sylvie CHEVRET<\/td><td class=\"column-4\"><\/td><td class=\"column-5\">En cours<\/td><td class=\"column-6\">Biostatistiques<\/td>\n<\/tr>\n<tr class=\"row-5\">\n\t<td class=\"column-1\">M\u00e9thodes innovantes pour apprehender l\u2019h\u00e9t\u00e9rog\u00e9n\u00e9it\u00e9 des patients avec syndrome de d\u00e9tresse respiratoire aigu\u00eb et personnaliser leur prise en charge<\/td><td class=\"column-2\">Laurent RENARD TRICHE <\/td><td class=\"column-3\">Sylvie CHEVRET<\/td><td class=\"column-4\"><\/td><td class=\"column-5\">En cours<\/td><td class=\"column-6\">Biostatistiques<\/td>\n<\/tr>\n<tr class=\"row-6\">\n\t<td class=\"column-1\"><a href=\"https:\/\/www.theses.fr\/s378865\">Nouvelles methodes permettant d\u2019evaluer la robustesse des benefices en survie<\/a><\/td><td class=\"column-2\">Roxane COUTURIER<\/td><td class=\"column-3\">J\u00e9r\u00f4me LAMBERT<\/td><td class=\"column-4\"><a>R\u00e9sum\u00e9<\/a><\/td><td class=\"column-5\">2026-06-08<\/td><td class=\"column-6\">Math\u00e9matiques<\/td>\n<\/tr>\n<tr class=\"row-7\">\n\t<td class=\"column-1\">Sch\u00e9ma adaptatif bay\u00e9sien pour les \u00e9tudes de s\u00e9lection de mol\u00e9cules en h\u00e9mato-canc\u00e9rologie<\/td><td class=\"column-2\">Luana BOUMENDIL<\/td><td class=\"column-3\">Vincent LEVY<\/td><td class=\"column-4\"><a>R\u00e9sum\u00e9<\/a><\/td><td class=\"column-5\">2024-11-22<\/td><td class=\"column-6\">Math\u00e9matiques<\/td>\n<\/tr>\n<tr class=\"row-8\">\n\t<td class=\"column-1\">\u00c9pid\u00e9miologie des lymphomes de la zone marginale : \u00e9valuation et validations de potentiels marqueurs de substitution <\/td><td class=\"column-2\">C\u00f4me BOMMIER<\/td><td class=\"column-3\">J\u00e9r\u00f4me LAMBERT<\/td><td class=\"column-4\"><a>R\u00e9sum\u00e9<\/a><\/td><td class=\"column-5\">2024-03-31<\/td><td class=\"column-6\">M\u00e9decine<\/td>\n<\/tr>\n<tr class=\"row-9\">\n\t<td class=\"column-1\">Enrichment Bayesian designs for multiple classifier biomarkers<\/td><td class=\"column-2\">Valentin VINNAT<\/td><td class=\"column-3\">Sylvie CHEVRET<\/td><td class=\"column-4\"><a>R\u00e9sum\u00e9<\/a><\/td><td class=\"column-5\">2023-12-04<\/td><td class=\"column-6\">Math\u00e9matiques<\/td>\n<\/tr>\n<tr class=\"row-10\">\n\t<td class=\"column-1\">Statistical dose-finding methods for early assessment of the toxicity and therapeutic effect of novel anti-cancer agents in Oncology<\/td><td class=\"column-2\">Anais ANDILLON<\/td><td class=\"column-3\">Sylvie CHEVRET<\/td><td class=\"column-4\"><a>R\u00e9sum\u00e9<\/a><\/td><td class=\"column-5\">2022-12-09<\/td><td class=\"column-6\">Biostatistiques<\/td>\n<\/tr>\n<tr class=\"row-11\">\n\t<td class=\"column-1\">Pr\u00e9diction des \u00e9pisodes d&#8217;hypotension \u00e0 partir de donn\u00e9es longitudinales \u00e0 haute fr\u00e9quence recueillies aupr\u00e8s de patients en soins intensifs<\/td><td class=\"column-2\">Menyssa CHERIFA<\/td><td class=\"column-3\">Matthieu RESCHE-RIGON<\/td><td class=\"column-4\"><a>R\u00e9sum\u00e9<\/a><\/td><td class=\"column-5\">2021-11-02<\/td><td class=\"column-6\">Sant\u00e9 publique.<\/td>\n<\/tr>\n<tr class=\"row-12\">\n\t<td class=\"column-1\">Evaluation de la qualit\u00e9 de l&#8217;acte chirurgical dans les proth\u00e8ses totales de genoux<\/td><td class=\"column-2\">Pierre-Alban BOUCHE<\/td><td class=\"column-3\">Matthieu RESCHE-RIGON<\/td><td class=\"column-4\"><a>R\u00e9sum\u00e9<\/a><\/td><td class=\"column-5\">2021-10-12<\/td><td class=\"column-6\">Math\u00e9matiques<\/td>\n<\/tr>\n<tr class=\"row-13\">\n\t<td class=\"column-1\">Classification non supervis\u00e9e en grande dimension : apport des informations<\/td><td class=\"column-2\">Lilith FAUCHEUX<\/td><td class=\"column-3\">Sylvie CHEVRET<\/td><td class=\"column-4\"><a>R\u00e9sum\u00e9<\/a><\/td><td class=\"column-5\">2021-09-09<\/td><td class=\"column-6\">Math\u00e9matiques<\/td>\n<\/tr>\n<tr class=\"row-14\">\n\t<td class=\"column-1\">Meningioma &#8211; a natiowide study on survival<\/td><td class=\"column-2\">Karl CHAMPEAUX<\/td><td class=\"column-3\">Matthieu RESCHE-RIGON<\/td><td class=\"column-4\"><a>R\u00e9sum\u00e9<\/a><\/td><td class=\"column-5\">2020-07-10<\/td><td class=\"column-6\"><\/td>\n<\/tr>\n<tr class=\"row-15\">\n\t<td class=\"column-1\">Patients d&#8217;onco-h\u00e9matologie aux urgences. Facteurs de risque d&#8217;aggravation pr\u00e9coce et de mortalit\u00e9<\/td><td class=\"column-2\">Olivier PEYRONY<\/td><td class=\"column-3\">Elie AZOULAY<\/td><td class=\"column-4\"><a>R\u00e9sum\u00e9<\/a><\/td><td class=\"column-5\">2019-12-19<\/td><td class=\"column-6\">Epidemiologie clinique et \u00e9valuation des actions de sant\u00e9<\/td>\n<\/tr>\n<tr class=\"row-16\">\n\t<td class=\"column-1\">Imputation multiple adapt\u00e9e aux donn\u00e9es non al\u00e9atoirement manquantes (MNAR)<\/td><td class=\"column-2\">Jacques-Emmanuel GALLIMARD<\/td><td class=\"column-3\">Matthieu RESCHE-RIGON<\/td><td class=\"column-4\"><a>R\u00e9sum\u00e9<\/a><\/td><td class=\"column-5\">2018-10-29<\/td><td class=\"column-6\">Recherche clinique, innovation technologique, sant\u00e9 publique. Epid\u00e9miologie clinique<\/td>\n<\/tr>\n<tr class=\"row-17\">\n\t<td class=\"column-1\">Epidemiology as a tool to improve prevention of human rabies : local and global health implications of postexposure prophylaxis data, Institut Pasteur du Cambodge, 2003-2014<\/td><td class=\"column-2\">Arnaud TARANTOLA<\/td><td class=\"column-3\">Jean-Yves MARY<\/td><td class=\"column-4\"><a>R\u00e9sum\u00e9<\/a><\/td><td class=\"column-5\">2018-09-10<\/td><td class=\"column-6\">Sant\u00e9 publique. Epid\u00e9miologie clinique<\/td>\n<\/tr>\n<tr class=\"row-18\">\n\t<td class=\"column-1\">H\u00e9t\u00e9rog\u00e9n\u00e9\u00eft\u00e9 du trouble bipolaire : Application aux facteurs pr\u00e9dictifs de la r\u00e9ponse au lithium et \u00e0 l&#8217;\u00e2ge de d\u00e9but de la maladie.<\/td><td class=\"column-2\">Claire MONTHALUC<\/td><td class=\"column-3\">Sylvie CHEVRET<\/td><td class=\"column-4\"><a>R\u00e9sum\u00e9<\/a><\/td><td class=\"column-5\">2018-07-13<\/td><td class=\"column-6\">Recherche clinique, innovation technologique, sant\u00e9 publique<\/td>\n<\/tr>\n<tr class=\"row-19\">\n\t<td class=\"column-1\">Adh\u00e9rence des patients et des m\u00e9decins aux traitements anti grippaux pr\u00e9ventifs et curatifs : de la grippe saisonni\u00e8re \u00e0 l\u2019\u00e9pisode grippe pand\u00e9mique 2009(H1N1)pdm09<\/td><td class=\"column-2\">R\u00e9mi FLICOTEAUX<\/td><td class=\"column-3\">Sylvie CHEVRET<\/td><td class=\"column-4\"><a>R\u00e9sum\u00e9<\/a><\/td><td class=\"column-5\">2017-09-28<\/td><td class=\"column-6\">Sant\u00e9 publique. Epid\u00e9miologie<\/td>\n<\/tr>\n<tr class=\"row-20\">\n\t<td class=\"column-1\">D\u00e9veloppement d&#8217;une nouvelle mesure d&#8217;\u00e9quilibre pour l&#8217;aide \u00e0 la s\u00e9lection des variables dans un mod\u00e8le de score de propension<\/td><td class=\"column-2\">Emmanuel CARUANA<\/td><td class=\"column-3\">Romain PIRRACHIO<\/td><td class=\"column-4\"><a>R\u00e9sum\u00e9<\/a><\/td><td class=\"column-5\">2017-03-01<\/td><td class=\"column-6\">Recherche clinique, innovation technologique, sant\u00e9 publique. Biostatistiques<\/td>\n<\/tr>\n<tr class=\"row-21\">\n\t<td class=\"column-1\">Utilisation de donn\u00e9es observationnelles en r\u00e9animation<\/td><td class=\"column-2\">Tai Olivier PHAM<\/td><td class=\"column-3\">Sylvie CHEVRET<\/td><td class=\"column-4\"><a>R\u00e9sum\u00e9<\/a><\/td><td class=\"column-5\">2016-11-28<\/td><td class=\"column-6\">Recherche clinique, innovation technologique, sant\u00e9 publique. Epid\u00e9miologie clinique<\/td>\n<\/tr>\n<tr class=\"row-22\">\n\t<td class=\"column-1\">Test des effets centre en \u00e9pid\u00e9miologie clinique<\/td><td class=\"column-2\">Lucie BIARD<\/td><td class=\"column-3\">Matthieu RESCHE-RIGON<\/td><td class=\"column-4\"><a>R\u00e9sum\u00e9<\/a><\/td><td class=\"column-5\">2016-11-25<\/td><td class=\"column-6\">Recherche clinique, innovation technologique, sant\u00e9 publique. Biostatistiques<\/td>\n<\/tr>\n<tr class=\"row-23\">\n\t<td class=\"column-1\">Mod\u00e8le d&#8217;analyse bay\u00e9sien pour l&#8217;\u00e9valuation de dispositifs m\u00e9dicaux implantables : prise en compte de l&#8217;information disponible sur les versions ant\u00e9rieures du dispositif<\/td><td class=\"column-2\">Leslie PIBOULEAU<\/td><td class=\"column-3\">Sylvie CHEVRET<\/td><td class=\"column-4\"><a>R\u00e9sum\u00e9<\/a><\/td><td class=\"column-5\">2013-01-01<\/td><td class=\"column-6\">Sant\u00e9 publique. \u00c9pid\u00e9miologie et sciences de l&#8217;information biom\u00e9dicale<\/td>\n<\/tr>\n<tr class=\"row-24\">\n\t<td class=\"column-1\">M\u00e9thodologies d&#8217;inf\u00e9rence causale appliqu\u00e9es \u00e0 l&#8217;analyse de donn\u00e9es observationnelles de r\u00e9animation<\/td><td class=\"column-2\">Romain PIRRACHIO<\/td><td class=\"column-3\">Sylvie CHEVRET<\/td><td class=\"column-4\"><a>R\u00e9sum\u00e9<\/a><\/td><td class=\"column-5\">2012-01-01<\/td><td class=\"column-6\">Sant\u00e9 publique. \u00c9pid\u00e9miologie et sciences de l&#8217;information biom\u00e9dicale<\/td>\n<\/tr>\n<tr class=\"row-25\">\n\t<td class=\"column-1\">Modelisation des donn\u00e9es longitudinales complexes en \u00e9pid\u00e9miologie<\/td><td class=\"column-2\">Emmanuelle DESLANDES<\/td><td class=\"column-3\">Sylvie CHEVRET<\/td><td class=\"column-4\"><a>R\u00e9sum\u00e9<\/a><\/td><td class=\"column-5\">2010-01-01<\/td><td class=\"column-6\">Biomath\u00e9matiques<\/td>\n<\/tr>\n<tr class=\"row-26\">\n\t<td class=\"column-1\">Mesures d&#8217;influence individuelle pour mod\u00e8les de r\u00e9gression en \u00e9pid\u00e9miologie clinique<\/td><td class=\"column-2\">Matthieu RESCHE-RIGON<\/td><td class=\"column-3\">Sylvie CHEVRET<\/td><td class=\"column-4\"><a>R\u00e9sum\u00e9<\/a><\/td><td class=\"column-5\">2008-01-01<\/td><td class=\"column-6\">Biomath\u00e9matiques<\/td>\n<\/tr>\n<tr class=\"row-27\">\n\t<td class=\"column-1\">Mod\u00e8les statistiques de survie pour donn\u00e9es corr\u00e9l\u00e9es : l&#8217;exemple de la greffe de moelle<\/td><td class=\"column-2\">Sandrine KATSAHIAN<\/td><td class=\"column-3\">Sylvie CHEVRET<\/td><td class=\"column-4\"><a>R\u00e9sum\u00e9<\/a><\/td><td class=\"column-5\">2007-01-01<\/td><td class=\"column-6\">Biomath\u00e9matiques<\/td>\n<\/tr>\n<tr class=\"row-28\">\n\t<td class=\"column-1\">Epid\u00e9miologie de l&#8217;infection et des \u00e9tats du Sepsis en r\u00e9animation adulte : \u00e9tude r\u00e9trospective mutlicentrique internationale -The European Sepsis Study<\/td><td class=\"column-2\">Corinne ALBERTI<\/td><td class=\"column-3\">Sylvie CHEVRET<\/td><td class=\"column-4\"><\/td><td class=\"column-5\">2004-01-01<\/td><td class=\"column-6\">Sant\u00e9 publique. \u00c9pid\u00e9miologie<\/td>\n<\/tr>\n<tr class=\"row-29\">\n\t<td class=\"column-1\">Mod\u00e8les de r\u00e9gression en pr\u00e9sence de comp\u00e9tition<\/td><td class=\"column-2\">Aur\u00e9lien LATOUCHE<\/td><td class=\"column-3\">Sylvie CHEVRET<\/td><td class=\"column-4\"><a>R\u00e9sum\u00e9<\/a><\/td><td class=\"column-5\">2004-01-01<\/td><td class=\"column-6\">Biomath\u00e9matiques (ED 0393)<\/td>\n<\/tr>\n<tr class=\"row-30\">\n\t<td class=\"column-1\">Estimation de la mortalit\u00e9 attribuable aux infections nosocomiales en r\u00e9animation : prise en compte de l&#8217;\u00e9volution de la gravit\u00e9 des patients en r\u00e9animation<\/td><td class=\"column-2\">Jean-Fran\u00e7ois TIMSIT<\/td><td class=\"column-3\">Serge BRIANCON<\/td><td class=\"column-4\"><a>R\u00e9sum\u00e9<\/a><\/td><td class=\"column-5\">2003-12-31<\/td><td class=\"column-6\">\u00c9pid\u00e9miologie et sant\u00e9 publique<\/td>\n<\/tr>\n<tr class=\"row-31\">\n\t<td class=\"column-1\">Statistiques bayesiennes en recherche clinique : proposition de r\u00e8gles d&#8217;arr\u00eat pour les essais th\u00e9rapeutiques de phase I ou II<\/td><td class=\"column-2\">Sarah ZOHAR<\/td><td class=\"column-3\">Sylvie CHEVRET<\/td><td class=\"column-4\"><a>R\u00e9sum\u00e9<\/a><\/td><td class=\"column-5\">2002-01-01<\/td><td class=\"column-6\">Biomath\u00e9matiques<\/td>\n<\/tr>\n<tr class=\"row-32\">\n\t<td class=\"column-1\">Survie ajust\u00e9e sur la qualit\u00e9 de vie : d\u00e9veloppement d&#8217;un crit\u00e8re d&#8217;\u00e9valuation th\u00e9rapeuthique dans les h\u00e9mopathies lymphoi\u034f\u0308des malignes<\/td><td class=\"column-2\">Vincent LEVY<\/td><td class=\"column-3\">Sylvie CHEVRET<\/td><td class=\"column-4\"><a>R\u00e9sum\u00e9<\/a><\/td><td class=\"column-5\">2001-01-01<\/td><td class=\"column-6\">Sant\u00e9 publique. Sciences de l&#8217;information biom\u00e9dicale<\/td>\n<\/tr>\n<tr class=\"row-33\">\n\t<td class=\"column-1\">Analyse statistique de delais d&#8217;evenement correles<\/td><td class=\"column-2\">C\u00e9dric MAHE<\/td><td class=\"column-3\">Sylvie CHEVRET<\/td><td class=\"column-4\"><a>R\u00e9sum\u00e9<\/a><\/td><td class=\"column-5\">1998-12-31<\/td><td class=\"column-6\">Sciences biologiques et fondamentales appliqu\u00e9es. Psychologie<\/td>\n<\/tr>\n<tr class=\"row-34\">\n\t<td class=\"column-1\">Estimation bayesienne en pharmacologie clinique de la dose maximale toleree ou minimale efficace, pour un critere de jugement binaire<\/td><td class=\"column-2\">Sylvie CHEVRET<\/td><td class=\"column-3\">Alain-Jacques VALLERON<\/td><td class=\"column-4\"><a>R\u00e9sum\u00e9<\/a><\/td><td class=\"column-5\">1993-01-01<\/td><td class=\"column-6\">Sciences m\u00e9dicales<\/td>\n<\/tr>\n<\/tbody>\n<\/table>\n<!-- #tablepress-21 from cache -->\n\n\n<script>\ndocument.addEventListener(\"DOMContentLoaded\", function () {\n\n  \/\/ \ud83d\udd25 active le mode cards UNIQUEMENT sur cette page\n  document.querySelectorAll(\".tablepress\").forEach(table => {\n    table.classList.add(\"cards-mode\");\n  });\n\n});\n<\/script>\t\t\t\t\t\t\t\t<\/div>\n\t\t\t\t<\/div>\n\t\t\t\t<\/div>\n\t\t\t\t\t<\/div>\n\t\t\t\t<\/div>\n\t\t\t\t<\/div>\n\t\t","protected":false},"excerpt":{"rendered":"<p>De nombreuses th\u00e8ses ont \u00e9t\u00e9 soutenues au sein de notre laboratoire, d&#8217;autres sont en cours : retrouvez les ici\u00a0<\/p>\n","protected":false},"author":1,"featured_media":0,"parent":0,"menu_order":0,"comment_status":"closed","ping_status":"closed","template":"","meta":{"_EventAllDay":false,"_EventTimezone":"","_EventStartDate":"","_EventEndDate":"","_EventStartDateUTC":"","_EventEndDateUTC":"","_EventShowMap":false,"_EventShowMapLink":false,"_EventURL":"","_EventCost":"","_EventCostDescription":"","_EventCurrencySymbol":"","_EventCurrencyCode":"","_EventCurrencyPosition":"","_EventDateTimeSeparator":"","_EventTimeRangeSeparator":"","_EventOrganizerID":[],"_EventVenueID":[],"_OrganizerEmail":"","_OrganizerPhone":"","_OrganizerWebsite":"","_VenueAddress":"","_VenueCity":"","_VenueCountry":"","_VenueProvince":"","_VenueState":"","_VenueZip":"","_VenuePhone":"","_VenueURL":"","_VenueStateProvince":"","_VenueLat":"","_VenueLng":"","_VenueShowMap":false,"_VenueShowMapLink":false,"ocean_post_layout":"","ocean_both_sidebars_style":"","ocean_both_sidebars_content_width":0,"ocean_both_sidebars_sidebars_width":0,"ocean_sidebar":"0","ocean_second_sidebar":"0","ocean_disable_margins":"enable","ocean_add_body_class":"","ocean_shortcode_before_top_bar":"","ocean_shortcode_after_top_bar":"","ocean_shortcode_before_header":"","ocean_shortcode_after_header":"","ocean_has_shortcode":"","ocean_shortcode_after_title":"","ocean_shortcode_before_footer_widgets":"","ocean_shortcode_after_footer_widgets":"","ocean_shortcode_before_footer_bottom":"","ocean_shortcode_after_footer_bottom":"","ocean_display_top_bar":"default","ocean_display_header":"default","ocean_header_style":"","ocean_center_header_left_menu":"0","ocean_custom_header_template":"0","ocean_custom_logo":0,"ocean_custom_retina_logo":0,"ocean_custom_logo_max_width":0,"ocean_custom_logo_tablet_max_width":0,"ocean_custom_logo_mobile_max_width":0,"ocean_custom_logo_max_height":0,"ocean_custom_logo_tablet_max_height":0,"ocean_custom_logo_mobile_max_height":0,"ocean_header_custom_menu":"0","ocean_menu_typo_font_family":"0","ocean_menu_typo_font_subset":"","ocean_menu_typo_font_size":0,"ocean_menu_typo_font_size_tablet":0,"ocean_menu_typo_font_size_mobile":0,"ocean_menu_typo_font_size_unit":"px","ocean_menu_typo_font_weight":"","ocean_menu_typo_font_weight_tablet":"","ocean_menu_typo_font_weight_mobile":"","ocean_menu_typo_transform":"","ocean_menu_typo_transform_tablet":"","ocean_menu_typo_transform_mobile":"","ocean_menu_typo_line_height":0,"ocean_menu_typo_line_height_tablet":0,"ocean_menu_typo_line_height_mobile":0,"ocean_menu_typo_line_height_unit":"","ocean_menu_typo_spacing":0,"ocean_menu_typo_spacing_tablet":0,"ocean_menu_typo_spacing_mobile":0,"ocean_menu_typo_spacing_unit":"","ocean_menu_link_color":"","ocean_menu_link_color_hover":"","ocean_menu_link_color_active":"","ocean_menu_link_background":"","ocean_menu_link_hover_background":"","ocean_menu_link_active_background":"","ocean_menu_social_links_bg":"","ocean_menu_social_hover_links_bg":"","ocean_menu_social_links_color":"","ocean_menu_social_hover_links_color":"","ocean_disable_title":"default","ocean_disable_heading":"default","ocean_post_title":"","ocean_post_subheading":"","ocean_post_title_style":"","ocean_post_title_background_color":"","ocean_post_title_background":0,"ocean_post_title_bg_image_position":"","ocean_post_title_bg_image_attachment":"","ocean_post_title_bg_image_repeat":"","ocean_post_title_bg_image_size":"","ocean_post_title_height":0,"ocean_post_title_bg_overlay":0.5,"ocean_post_title_bg_overlay_color":"","ocean_disable_breadcrumbs":"default","ocean_breadcrumbs_color":"","ocean_breadcrumbs_separator_color":"","ocean_breadcrumbs_links_color":"","ocean_breadcrumbs_links_hover_color":"","ocean_display_footer_widgets":"default","ocean_display_footer_bottom":"default","ocean_custom_footer_template":"0","footnotes":""},"class_list":["post-1233","page","type-page","status-publish","hentry","entry"],"_links":{"self":[{"href":"https:\/\/www.sbim-stlouis.org\/index.php\/wp-json\/wp\/v2\/pages\/1233","targetHints":{"allow":["GET"]}}],"collection":[{"href":"https:\/\/www.sbim-stlouis.org\/index.php\/wp-json\/wp\/v2\/pages"}],"about":[{"href":"https:\/\/www.sbim-stlouis.org\/index.php\/wp-json\/wp\/v2\/types\/page"}],"author":[{"embeddable":true,"href":"https:\/\/www.sbim-stlouis.org\/index.php\/wp-json\/wp\/v2\/users\/1"}],"replies":[{"embeddable":true,"href":"https:\/\/www.sbim-stlouis.org\/index.php\/wp-json\/wp\/v2\/comments?post=1233"}],"version-history":[{"count":142,"href":"https:\/\/www.sbim-stlouis.org\/index.php\/wp-json\/wp\/v2\/pages\/1233\/revisions"}],"predecessor-version":[{"id":10534,"href":"https:\/\/www.sbim-stlouis.org\/index.php\/wp-json\/wp\/v2\/pages\/1233\/revisions\/10534"}],"wp:attachment":[{"href":"https:\/\/www.sbim-stlouis.org\/index.php\/wp-json\/wp\/v2\/media?parent=1233"}],"curies":[{"name":"wp","href":"https:\/\/api.w.org\/{rel}","templated":true}]}}